{"id":20713,"date":"2026-08-05T10:45:24","date_gmt":"2026-08-05T10:45:24","guid":{"rendered":"https:\/\/eio.eco\/?post_type=product&#038;p=20713"},"modified":"2026-09-04T13:35:25","modified_gmt":"2026-09-04T13:35:25","slug":"terra-eco-friendly-french-eyewear","status":"publish","type":"product","link":"https:\/\/eio.eco\/en\/produit\/terra-lunettes-francaises-ecoresponsables\/","title":{"rendered":"Earth"},"content":{"rendered":"","protected":false},"excerpt":{"rendered":"<h3 class=\"isSelectedEnd\">Rectangular and bold<\/h3>\n<p><strong>Pre-order available!<br \/>\n<\/strong><strong>Estimated delivery 23 September 2026.<\/strong><\/p>\n<p>French, eco-friendly glasses made from recycled acetate.<br \/>\nSold with a leather case, a recycled microfiber pouch and a recycled microfiber cleaning cloth.<\/p>","protected":false},"featured_media":20794,"comment_status":"open","ping_status":"closed","template":"","meta":{"_acf_changed":false},"product_brand":[],"product_cat":[141,136],"product_tag":[],"class_list":["post-20713","product","type-product","status-publish","has-post-thumbnail","product_cat-collection-orizon","product_cat-terra","first","instock","taxable","shipping-taxable","purchasable","product-type-variable"],"acf":[],"yoast_head":"<!-- This site is optimized with the Yoast SEO plugin v27.7 - https:\/\/yoast.com\/product\/yoast-seo-wordpress\/ -->\n<title>T\u00e8rra - Lunettes fran\u00e7aises, \u00e9coresponsables, ac\u00e9tate recycl\u00e9<\/title>\n<meta name=\"description\" content=\"EIO T\u00e8rra Collection Orizon - Lunettes fran\u00e7aises, \u00e9coresponsables, ac\u00e9tate recycl\u00e9. Pens\u00e9es en Occitanie - Fabriqu\u00e9es dans le Jura.\" \/>\n<meta name=\"robots\" content=\"index, follow, max-snippet:-1, max-image-preview:large, max-video-preview:-1\" \/>\n<link rel=\"canonical\" href=\"https:\/\/eio.eco\/en\/product\/terra-eco-friendly-french-eyewear\/\" \/>\n<meta property=\"og:locale\" content=\"en_GB\" \/>\n<meta property=\"og:type\" content=\"article\" \/>\n<meta property=\"og:title\" content=\"T\u00e8rra - Lunettes fran\u00e7aises, \u00e9coresponsables, ac\u00e9tate recycl\u00e9\" \/>\n<meta property=\"og:description\" content=\"EIO T\u00e8rra Collection Orizon - Lunettes fran\u00e7aises, \u00e9coresponsables, ac\u00e9tate recycl\u00e9. Pens\u00e9es en Occitanie - Fabriqu\u00e9es dans le Jura.\" \/>\n<meta property=\"og:url\" content=\"https:\/\/eio.eco\/en\/product\/terra-eco-friendly-french-eyewear\/\" \/>\n<meta property=\"og:site_name\" content=\"Eio \u2022 Les lunettes recycl\u00e9es et fabriqu\u00e9es en France\" \/>\n<meta property=\"article:modified_time\" content=\"2026-09-04T13:35:25+00:00\" \/>\n<meta property=\"og:image\" content=\"https:\/\/eio.eco\/wp-content\/uploads\/2026\/09\/TERRA-ACETATE-RECYCLE-1-scaled.webp\" \/>\n\t<meta property=\"og:image:width\" content=\"2560\" \/>\n\t<meta property=\"og:image:height\" content=\"2560\" \/>\n\t<meta property=\"og:image:type\" content=\"image\/webp\" \/>\n<meta name=\"twitter:card\" content=\"summary_large_image\" \/>\n<meta name=\"twitter:label1\" content=\"Estimated reading time\" \/>\n\t<meta name=\"twitter:data1\" content=\"1 minute\" \/>\n<script type=\"application\/ld+json\" class=\"yoast-schema-graph\">{\"@context\":\"https:\\\/\\\/schema.org\",\"@graph\":[{\"@type\":\"WebPage\",\"@id\":\"https:\\\/\\\/eio.eco\\\/produit\\\/terra-lunettes-francaises-ecoresponsables\\\/\",\"url\":\"https:\\\/\\\/eio.eco\\\/produit\\\/terra-lunettes-francaises-ecoresponsables\\\/\",\"name\":\"T\u00e8rra - Lunettes fran\u00e7aises, \u00e9coresponsables, ac\u00e9tate recycl\u00e9\",\"isPartOf\":{\"@id\":\"https:\\\/\\\/eio.eco\\\/#website\"},\"primaryImageOfPage\":{\"@id\":\"https:\\\/\\\/eio.eco\\\/produit\\\/terra-lunettes-francaises-ecoresponsables\\\/#primaryimage\"},\"image\":{\"@id\":\"https:\\\/\\\/eio.eco\\\/produit\\\/terra-lunettes-francaises-ecoresponsables\\\/#primaryimage\"},\"thumbnailUrl\":\"https:\\\/\\\/eio.eco\\\/wp-content\\\/uploads\\\/2026\\\/09\\\/TERRA-ACETATE-RECYCLE-1-scaled.webp\",\"datePublished\":\"2026-08-05T10:45:24+00:00\",\"dateModified\":\"2026-09-04T13:35:25+00:00\",\"description\":\"EIO T\u00e8rra Collection Orizon - Lunettes fran\u00e7aises, \u00e9coresponsables, ac\u00e9tate recycl\u00e9. Pens\u00e9es en Occitanie - Fabriqu\u00e9es dans le Jura.\",\"breadcrumb\":{\"@id\":\"https:\\\/\\\/eio.eco\\\/produit\\\/terra-lunettes-francaises-ecoresponsables\\\/#breadcrumb\"},\"inLanguage\":\"en-GB\",\"potentialAction\":[{\"@type\":\"ReadAction\",\"target\":[\"https:\\\/\\\/eio.eco\\\/produit\\\/terra-lunettes-francaises-ecoresponsables\\\/\"]}]},{\"@type\":\"ImageObject\",\"inLanguage\":\"en-GB\",\"@id\":\"https:\\\/\\\/eio.eco\\\/produit\\\/terra-lunettes-francaises-ecoresponsables\\\/#primaryimage\",\"url\":\"https:\\\/\\\/eio.eco\\\/wp-content\\\/uploads\\\/2026\\\/09\\\/TERRA-ACETATE-RECYCLE-1-scaled.webp\",\"contentUrl\":\"https:\\\/\\\/eio.eco\\\/wp-content\\\/uploads\\\/2026\\\/09\\\/TERRA-ACETATE-RECYCLE-1-scaled.webp\",\"width\":2560,\"height\":2560},{\"@type\":\"BreadcrumbList\",\"@id\":\"https:\\\/\\\/eio.eco\\\/produit\\\/terra-lunettes-francaises-ecoresponsables\\\/#breadcrumb\",\"itemListElement\":[{\"@type\":\"ListItem\",\"position\":1,\"name\":\"Accueil\",\"item\":\"https:\\\/\\\/eio.eco\\\/\"},{\"@type\":\"ListItem\",\"position\":2,\"name\":\"Collection EYE+EAU\",\"item\":\"https:\\\/\\\/eio.eco\\\/toutes-nos-lunettes-eye-eau\\\/\"},{\"@type\":\"ListItem\",\"position\":3,\"name\":\"T\u00e8rra\"}]},{\"@type\":\"WebSite\",\"@id\":\"https:\\\/\\\/eio.eco\\\/#website\",\"url\":\"https:\\\/\\\/eio.eco\\\/\",\"name\":\"Eio \u2022 Les lunettes recycl\u00e9es et fabriqu\u00e9es en France\",\"description\":\"\",\"publisher\":{\"@id\":\"https:\\\/\\\/eio.eco\\\/#organization\"},\"potentialAction\":[{\"@type\":\"SearchAction\",\"target\":{\"@type\":\"EntryPoint\",\"urlTemplate\":\"https:\\\/\\\/eio.eco\\\/?s={search_term_string}\"},\"query-input\":{\"@type\":\"PropertyValueSpecification\",\"valueRequired\":true,\"valueName\":\"search_term_string\"}}],\"inLanguage\":\"en-GB\"},{\"@type\":\"Organization\",\"@id\":\"https:\\\/\\\/eio.eco\\\/#organization\",\"name\":\"Eio \u2022 Les lunettes recycl\u00e9es et fabriqu\u00e9es en France\",\"url\":\"https:\\\/\\\/eio.eco\\\/\",\"logo\":{\"@type\":\"ImageObject\",\"inLanguage\":\"en-GB\",\"@id\":\"https:\\\/\\\/eio.eco\\\/#\\\/schema\\\/logo\\\/image\\\/\",\"url\":\"https:\\\/\\\/eio.eco\\\/wp-content\\\/uploads\\\/2026\\\/05\\\/eio-logo.png\",\"contentUrl\":\"https:\\\/\\\/eio.eco\\\/wp-content\\\/uploads\\\/2026\\\/05\\\/eio-logo.png\",\"width\":221,\"height\":70,\"caption\":\"Eio \u2022 Les lunettes recycl\u00e9es et fabriqu\u00e9es en France\"},\"image\":{\"@id\":\"https:\\\/\\\/eio.eco\\\/#\\\/schema\\\/logo\\\/image\\\/\"}}]}<\/script>\n<!-- \/ Yoast SEO plugin. -->","yoast_head_json":{"title":"T\u00e8rra - French, eco-friendly eyewear, recycled acetate","description":"EIO T\u00e8rra Collection Orizon - French eyewear, eco-friendly, recycled acetate. Designed in Occitanie - Made in the Jura.","robots":{"index":"index","follow":"follow","max-snippet":"max-snippet:-1","max-image-preview":"max-image-preview:large","max-video-preview":"max-video-preview:-1"},"canonical":"https:\/\/eio.eco\/en\/product\/terra-eco-friendly-french-eyewear\/","og_locale":"en_GB","og_type":"article","og_title":"T\u00e8rra - Lunettes fran\u00e7aises, \u00e9coresponsables, ac\u00e9tate recycl\u00e9","og_description":"EIO T\u00e8rra Collection Orizon - Lunettes fran\u00e7aises, \u00e9coresponsables, ac\u00e9tate recycl\u00e9. Pens\u00e9es en Occitanie - Fabriqu\u00e9es dans le Jura.","og_url":"https:\/\/eio.eco\/en\/product\/terra-eco-friendly-french-eyewear\/","og_site_name":"Eio \u2022 Les lunettes recycl\u00e9es et fabriqu\u00e9es en France","article_modified_time":"2026-09-04T13:35:25+00:00","og_image":[{"width":2560,"height":2560,"url":"https:\/\/eio.eco\/wp-content\/uploads\/2026\/09\/TERRA-ACETATE-RECYCLE-1-scaled.webp","type":"image\/webp"}],"twitter_card":"summary_large_image","twitter_misc":{"Estimated reading time":"1 minute"},"schema":{"@context":"https:\/\/schema.org","@graph":[{"@type":"WebPage","@id":"https:\/\/eio.eco\/produit\/terra-lunettes-francaises-ecoresponsables\/","url":"https:\/\/eio.eco\/produit\/terra-lunettes-francaises-ecoresponsables\/","name":"T\u00e8rra - French, eco-friendly eyewear, recycled acetate","isPartOf":{"@id":"https:\/\/eio.eco\/#website"},"primaryImageOfPage":{"@id":"https:\/\/eio.eco\/produit\/terra-lunettes-francaises-ecoresponsables\/#primaryimage"},"image":{"@id":"https:\/\/eio.eco\/produit\/terra-lunettes-francaises-ecoresponsables\/#primaryimage"},"thumbnailUrl":"https:\/\/eio.eco\/wp-content\/uploads\/2026\/09\/TERRA-ACETATE-RECYCLE-1-scaled.webp","datePublished":"2026-08-05T10:45:24+00:00","dateModified":"2026-09-04T13:35:25+00:00","description":"EIO T\u00e8rra Collection Orizon - French eyewear, eco-friendly, recycled acetate. Designed in Occitanie - Made in the Jura.","breadcrumb":{"@id":"https:\/\/eio.eco\/produit\/terra-lunettes-francaises-ecoresponsables\/#breadcrumb"},"inLanguage":"en-GB","potentialAction":[{"@type":"ReadAction","target":["https:\/\/eio.eco\/produit\/terra-lunettes-francaises-ecoresponsables\/"]}]},{"@type":"ImageObject","inLanguage":"en-GB","@id":"https:\/\/eio.eco\/produit\/terra-lunettes-francaises-ecoresponsables\/#primaryimage","url":"https:\/\/eio.eco\/wp-content\/uploads\/2026\/09\/TERRA-ACETATE-RECYCLE-1-scaled.webp","contentUrl":"https:\/\/eio.eco\/wp-content\/uploads\/2026\/09\/TERRA-ACETATE-RECYCLE-1-scaled.webp","width":2560,"height":2560},{"@type":"BreadcrumbList","@id":"https:\/\/eio.eco\/produit\/terra-lunettes-francaises-ecoresponsables\/#breadcrumb","itemListElement":[{"@type":"ListItem","position":1,"name":"Accueil","item":"https:\/\/eio.eco\/"},{"@type":"ListItem","position":2,"name":"Collection EYE+EAU","item":"https:\/\/eio.eco\/toutes-nos-lunettes-eye-eau\/"},{"@type":"ListItem","position":3,"name":"T\u00e8rra"}]},{"@type":"WebSite","@id":"https:\/\/eio.eco\/#website","url":"https:\/\/eio.eco\/","name":"Eio \u2022 Recycled and made in France glasses","description":"","publisher":{"@id":"https:\/\/eio.eco\/#organization"},"potentialAction":[{"@type":"SearchAction","target":{"@type":"EntryPoint","urlTemplate":"https:\/\/eio.eco\/?s={search_term_string}"},"query-input":{"@type":"PropertyValueSpecification","valueRequired":true,"valueName":"search_term_string"}}],"inLanguage":"en-GB"},{"@type":"Organization","@id":"https:\/\/eio.eco\/#organization","name":"Eio \u2022 Recycled and made in France glasses","url":"https:\/\/eio.eco\/","logo":{"@type":"ImageObject","inLanguage":"en-GB","@id":"https:\/\/eio.eco\/#\/schema\/logo\/image\/","url":"https:\/\/eio.eco\/wp-content\/uploads\/2026\/05\/eio-logo.png","contentUrl":"https:\/\/eio.eco\/wp-content\/uploads\/2026\/05\/eio-logo.png","width":221,"height":70,"caption":"Eio \u2022 Les lunettes recycl\u00e9es et fabriqu\u00e9es en France"},"image":{"@id":"https:\/\/eio.eco\/#\/schema\/logo\/image\/"}}]}},"_links":{"self":[{"href":"https:\/\/eio.eco\/en\/wp-json\/wp\/v2\/product\/20713","targetHints":{"allow":["GET"]}}],"collection":[{"href":"https:\/\/eio.eco\/en\/wp-json\/wp\/v2\/product"}],"about":[{"href":"https:\/\/eio.eco\/en\/wp-json\/wp\/v2\/types\/product"}],"replies":[{"embeddable":true,"href":"https:\/\/eio.eco\/en\/wp-json\/wp\/v2\/comments?post=20713"}],"wp:featuredmedia":[{"embeddable":true,"href":"https:\/\/eio.eco\/en\/wp-json\/wp\/v2\/media\/20794"}],"wp:attachment":[{"href":"https:\/\/eio.eco\/en\/wp-json\/wp\/v2\/media?parent=20713"}],"wp:term":[{"taxonomy":"product_brand","embeddable":true,"href":"https:\/\/eio.eco\/en\/wp-json\/wp\/v2\/product_brand?post=20713"},{"taxonomy":"product_cat","embeddable":true,"href":"https:\/\/eio.eco\/en\/wp-json\/wp\/v2\/product_cat?post=20713"},{"taxonomy":"product_tag","embeddable":true,"href":"https:\/\/eio.eco\/en\/wp-json\/wp\/v2\/product_tag?post=20713"}],"curies":[{"name":"WordPress","href":"https:\/\/api.w.org\/{rel}","templated":true}]}}

<!-- This site is optimized with the Yoast SEO plugin v27.7 - https://yoast.com/product/yoast-seo-wordpress/ -->
<title>Tèrra - Lunettes françaises, écoresponsables, acétate recyclé</title>
<meta name="description" content="EIO Tèrra Collection Orizon - Lunettes françaises, écoresponsables, acétate recyclé. Pensées en Occitanie - Fabriquées dans le Jura." />
<meta name="robots" content="index, follow, max-snippet:-1, max-image-preview:large, max-video-preview:-1" />
<link rel="canonical" href="https://eio.eco/en/product/terra-eco-friendly-french-eyewear/" />
<meta property="og:locale" content="en_GB" />
<meta property="og:type" content="article" />
<meta property="og:title" content="Tèrra - Lunettes françaises, écoresponsables, acétate recyclé" />
<meta property="og:description" content="EIO Tèrra Collection Orizon - Lunettes françaises, écoresponsables, acétate recyclé. Pensées en Occitanie - Fabriquées dans le Jura." />
<meta property="og:url" content="https://eio.eco/en/product/terra-eco-friendly-french-eyewear/" />
<meta property="og:site_name" content="Eio • Les lunettes recyclées et fabriquées en France" />
<meta property="article:modified_time" content="2026-09-04T13:35:25+00:00" />
<meta property="og:image" content="https://eio.eco/wp-content/uploads/2026/09/TERRA-ACETATE-RECYCLE-1-scaled.webp" />
	<meta property="og:image:width" content="2560" />
	<meta property="og:image:height" content="2560" />
	<meta property="og:image:type" content="image/webp" />
<meta name="twitter:card" content="summary_large_image" />
<meta name="twitter:label1" content="Estimated reading time" />
	<meta name="twitter:data1" content="1 minute" />
<script type="application/ld+json" class="yoast-schema-graph">{"@context":"https:\/\/schema.org","@graph":[{"@type":"WebPage","@id":"https:\/\/eio.eco\/produit\/terra-lunettes-francaises-ecoresponsables\/","url":"https:\/\/eio.eco\/produit\/terra-lunettes-francaises-ecoresponsables\/","name":"Tèrra - Lunettes françaises, écoresponsables, acétate recyclé","isPartOf":{"@id":"https:\/\/eio.eco\/#website"},"primaryImageOfPage":{"@id":"https:\/\/eio.eco\/produit\/terra-lunettes-francaises-ecoresponsables\/#primaryimage"},"image":{"@id":"https:\/\/eio.eco\/produit\/terra-lunettes-francaises-ecoresponsables\/#primaryimage"},"thumbnailUrl":"https:\/\/eio.eco\/wp-content\/uploads\/2026\/09\/TERRA-ACETATE-RECYCLE-1-scaled.webp","datePublished":"2026-08-05T10:45:24+00:00","dateModified":"2026-09-04T13:35:25+00:00","description":"EIO Tèrra Collection Orizon - Lunettes françaises, écoresponsables, acétate recyclé. Pensées en Occitanie - Fabriquées dans le Jura.","breadcrumb":{"@id":"https:\/\/eio.eco\/produit\/terra-lunettes-francaises-ecoresponsables\/#breadcrumb"},"inLanguage":"en-GB","potentialAction":[{"@type":"ReadAction","target":["https:\/\/eio.eco\/produit\/terra-lunettes-francaises-ecoresponsables\/"]}]},{"@type":"ImageObject","inLanguage":"en-GB","@id":"https:\/\/eio.eco\/produit\/terra-lunettes-francaises-ecoresponsables\/#primaryimage","url":"https:\/\/eio.eco\/wp-content\/uploads\/2026\/09\/TERRA-ACETATE-RECYCLE-1-scaled.webp","contentUrl":"https:\/\/eio.eco\/wp-content\/uploads\/2026\/09\/TERRA-ACETATE-RECYCLE-1-scaled.webp","width":2560,"height":2560},{"@type":"BreadcrumbList","@id":"https:\/\/eio.eco\/produit\/terra-lunettes-francaises-ecoresponsables\/#breadcrumb","itemListElement":[{"@type":"ListItem","position":1,"name":"Accueil","item":"https:\/\/eio.eco\/"},{"@type":"ListItem","position":2,"name":"Collection EYE+EAU","item":"https:\/\/eio.eco\/toutes-nos-lunettes-eye-eau\/"},{"@type":"ListItem","position":3,"name":"Tèrra"}]},{"@type":"WebSite","@id":"https:\/\/eio.eco\/#website","url":"https:\/\/eio.eco\/","name":"Eio • Les lunettes recyclées et fabriquées en France","description":"","publisher":{"@id":"https:\/\/eio.eco\/#organization"},"potentialAction":[{"@type":"SearchAction","target":{"@type":"EntryPoint","urlTemplate":"https:\/\/eio.eco\/?s={search_term_string}"},"query-input":{"@type":"PropertyValueSpecification","valueRequired":true,"valueName":"search_term_string"}}],"inLanguage":"en-GB"},{"@type":"Organization","@id":"https:\/\/eio.eco\/#organization","name":"Eio • Les lunettes recyclées et fabriquées en France","url":"https:\/\/eio.eco\/","logo":{"@type":"ImageObject","inLanguage":"en-GB","@id":"https:\/\/eio.eco\/#\/schema\/logo\/image\/","url":"https:\/\/eio.eco\/wp-content\/uploads\/2026\/05\/eio-logo.png","contentUrl":"https:\/\/eio.eco\/wp-content\/uploads\/2026\/05\/eio-logo.png","width":221,"height":70,"caption":"Eio • Les lunettes recyclées et fabriquées en France"},"image":{"@id":"https:\/\/eio.eco\/#\/schema\/logo\/image\/"}}]}</script>
<!-- / Yoast SEO plugin. -->

Tèrra - French, eco-friendly eyewear, recycled acetate

EIO Tèrra Collection Orizon - French eyewear, eco-friendly, recycled acetate. Designed in Occitanie - Made in the Jura.

Tèrra - Lunettes françaises, écoresponsables, acétate recyclé

EIO Tèrra Collection Orizon - Lunettes françaises, écoresponsables, acétate recyclé. Pensées en Occitanie - Fabriquées dans le Jura.

Eio • Les lunettes recyclées et fabriquées en France

Tèrra
